)?
3
What is the value of 0 - 5 - (7 + -7)?
-5
-8 + (5 - 3) + 11
5
What is the value of 18 - 16 - (-2 + 3 + 5)?
-4
What is the value of 1 - 3 - (-6 + 3)?
1
-15 + 1 - -11 - (0 - 10)
7
Calculate -5 - 1 - (10 - 19).
3
Evaluate 9 - (12 + -12 + 14).
-5
Evaluate 5 + (3 - 8) + (-1 - 0).
-1
(-7 - -6) + -5 + 13
7
5 - (-10 + (6 - 1)) - 4
6
4 - (0 + 0) - (1 + 5)
-2
-4 - (2 + (-9 - 1))
4
Calculate 0 - (0 - 12) - 8.
4
3 + (-6 - (5 + -5 + -2))
-1
2 - -1 - (-1 + -1)
5
What is 11 + (-13 - (-6 + -1))?
5
What is -11 - 0 - (-93 - -77)?
5
-1 + 2 + (8 - 13) + 2
-2
What is 1 + (-2 - -2) - (2 + -2)?
1
What is 2 - (-1 + 1 - 2)?
4
5 + -2 + -4 - (0 + 4)
-5
6 + -1 + -5 - -5 - -3
8
Calculate -4 + (-1 - 4) + 5.
-4
Evaluate 18 + -7 - 5 - (6 + -1).
1
Calculate 4 + -11 + 4 + 0 - -2.
-1
Evaluate (3 - -1) + (3 - -4) + -8.
3
What is 2 - (1 - (-1 - -1))?
1
What is (-7 - 0) + (-4 + 0 - -6)?
-5
Calculate (1 - 0) + (-15 - -18) - 1.
3
What is the value of -6 + 0 - (-1 + -4 + 4)?
-5
What is the value of 6 + -6 + 2 + 2 + -3?
1
Calculate -1 - (3 - 10 - (-16 - 0)).
-10
What is the value of 2 + -5 + -2 - (-1 - 0)?
-4
(-1 - -5) + (25 - 28)
1
What is -10 + 6 + (-2 - (-8 - -3))?
-1
Evaluate -3 - (-1 - (1 - 4) - 0).
-5
Calculate (-5 - -13 - 6) + (4 - 0).
6
What is the value of (-44 - -45) + 0 + 1 + 1?
3
What is the value of -1 - -3 - (-3 + -1 - -2)?
4
(-2 - (-5 + 3)) + -2
-2
Calculate -3 + -2 + 10 + -2.
3
Evaluate 8 + -2 + 0 + -6 + 0.
0
What is (-2 - -2) + (1 - (-2 + 1))?
2
Calculate -6 + 15 + 3 + -9.
3
-4 + (17 - (0 + 5))
8
Evaluate (3 - (2 + 2)) + -2.
-3
7 + (-3 - (0 + 0)) - 3
1
What is (18 + -11 - 0) + -17 + -1?
-11
What is the value of 0 - 3 - (-5 - (0 + -3))?
-1
Evaluate (-1 + 8 - 2 - 4) + -9.
-8
0 + (-11 + (5 - 2) - -2)
-6
What is -1 + (5 - 3 - (0 - 2))?
3
Calculate -2 + (5 + 0 - 5).
-2
Evaluate (-8 - -1) + 26 + -16.
3
What is -11 + 10 - (0 + -4)?
3
Calculate 6 + (-8 - (-8 + 7)).
-1
Calculate -1 + -6 - (-8 + -1 + 4).
-2
Calculate (-7 - 9) + 10 - -15.
9
What is the value of (-2 - -4) + (-3 - -8 - 1)?
6
What is 7 - 14 - (-5 - -4)?
-6
Evaluate 1 - -1 - (4 + -8 + 3).
3
Evaluate 21 + (-2 - 13) + (-16 - 0).
-10
What is the value of (5 - 8) + (2 - (5 - 3))?
-3
What is the value of -3 + 0 - (0 + 10 - 8)?
-5
Evaluate 6 + (-10 - (17 - 14)).
-7
Calculate (4 - (-2 + 2 - 3)) + -4.
3
What is the value of 7 - 10 - (0 + (2 - 2))?
-3
-5 + 3 + 0 - -4
2
Evaluate 5 + 0 + -7 + (-5 - -12).
5
(1 + -4 - 0) + 8
5
Evaluate -41 - -50 - (-1 + 3).
7
(8 - (6 - 2)) + -1
3
What is the value of 3 + -3 - 2 - (-3 - 1)?
2
Calculate (-1 - -12) + 1 + -7.
5
11 - (-5 - -9) - (5 + -5)
7
(5 - 3 - 6) + 10 + 1
7
What is the value of 0 + 1 + (4 - 9) + 0?
-4
-17 + 27 - (12 - 3)
1
What is the value of 4 - ((-6 - -11) + -2)?
1
(0 - 3) + 0 + -2 - 0
-5
Calculate 3 + (1 + -2 - (-8 + 15)).
-5
What is the value of -10 + 12 - (0 - 1)?
3
What is the value of 6 + (1 - (-11 - -9))?
9
(4 + -4 - 3) + 4
1
What is 3 - 6 - (-9 - (-7 + 2))?
1
What is the value of 7 - 8 - -8 - 7?
0
Evaluate -4 + 3 + (-2 - -3) - 6.
-6
Calculate -2 + 0 + (-3 - 1) + 2.
-4
What is the value of 4 + (-4 - 0) + 2?
2
What is 6 + (-9 - (2 + (-3 - -1)))?
-3
1 - (-8 + 8) - (8 + 0)
-7
What is (7 + (1 - 3) - -2) + -3?
4
Evaluate -9 + (-23 - -16 - (-24 + -3)).
11
What is -2 + (-1 - (1 + -3))?
-1
3 + -1 + -4 - -9
7
What is the value of 0 + (1 + 3 - (-11 + 13))?
2
Calculate -1 - (-1 + (-2 - 1)).
3
-2 - -1 - (12 + -19)
6
What is 4 + -11 + 10 + -7?
-4
Evaluate -13 + (10 - 5) - -1.
-7
What is the value of 0 + (1 + (-5 - -3) - 3)?
-4
What is -4 + 6 + -1 - (1 - 0)?
0
What is -15 + -1 + 10 + (0 - -1)?
-5
Calculate -2 - ((2 - 7) + 0) - -3.
6
5 - (6 - (-8 - (0 - 6)))
-3
Calculate (-1 - -4) + (0 + -6 - -6).
3
What is (-206 - -207) + (0 + 0 - 5)?
-4
Calculate -5 + 8 + -8 + 4.
-1
What is 3 - (7 - 1) - (-1 + -3)?
1
Calculate -1 + 1 - (-13 - -14).
-1
What is the value of -5 + (0 - -2) + 2?
-1
What is the value of 4 + 1 + -4 + 7 + -3?
5
0 - (1 - -2 - (-3 + 5))
-1
What is the value of (-12 + 7 - (-3 + -1)) + 5?
4
-9 - (-3 + -2 + 5)
-9
0 - 4 - (-4 + 1)
-1
Calculate (-1 + 3 - 4) + 5.
3
Evaluate 11 - (5 - 2 - -5).
3
Calculate 9 + (-9 - -3) - (-2 + 4).
1
Calculate 4 - (10 + -5) - -2.
1
3 + -4 + 1 + 2
2
Calculate 5 + -8 + 4 + (4 - 0).
5
-2 + 3 + (18 - 21)
-2
What is the value of 91 + -94 + (1 - 7)?
-9
Evaluate 4 - (3 + 7 + -5).
-1
What is -8 + 1 + 10 - 7?
-4
Evaluate (10 - 3 - 3) + -4.
0
What is 2 - ((-1 + -3 - -2) + 3)?
1
Evaluate 3 + 1 + (-6 - 0) + 10.
8
4 + 1 + 41 + -42
4
What is 9 + 0 - (2 + 8)?
-1
What is -9 + -5 + 7 + 2?
-5
What is -36 + 36 + (-1 + -5 - -1)?
-5
What is the value of -5 - (-4 - 6 - -4)?
1
What is the value of 1 + -9 + 5 + 0 + 5?
2
Calculate 18 - 10 - 12 - (-1 - 0).
-3
Calculate -6 + -3 + 9 + 0 + -1.
-1
What is -3 + 3 + -1 + 2 - 2?
-1
What is (6 - 7) + -5 + 9 + 7?
10
What is 14 + 2 + -5 + (3 - 5)?
9
Evaluate (3 - 6 - -4) + 3.
4
Evaluate -1 + 7 + 3 + (-16 - -5).
-2
What is the value of 4 - (3 + 7 - 2)?
-4
(1 - (-1 + 1)) + 3 - 11
-7
What is the value of 1 + 2 + 4 + -11?
-4
Evaluate (31 - 28) + (-1 - 1 - 2).
-1
What is (-4 - (1 + -4 - 5)) + 1?
5
Calculate (1 - (3 - 1)) + (-10 - -9).
-2
What is the value of 6 + -1 - 3 - 4 - -1?
-1
What is the value of 14 + -1 - (-81 - -89)?
5
6 + (-6 - -7) + -12
-5
Calculate -1 + (6 + -5 - -5).
5
Evaluate 1 - ((6 - 7) + 5).
-3
Calculate 2 - (7 + -7) - -4.
6
What is the value of 4 + (10 - (6 - -8))?
0
What is the value of 2 - (4 - 11) - -1?
10
Evaluate 4 + 2 + (23 - 28).
1
What is the value of 11 + 0 + 0 + (158 - 163)?
6
What is -7 + 0 + 7 + -5?
-5
What is -9 + 1 + 11 + -5?
-2
Evaluate 4 - ((-6 - -9) + -3 + 0).
4
Calculate -5 + -1 + 1 + 11 - 12.
-6
What is the value of (1 - (-2 - 1)) + (77 - 80)?
1
What is the value of 0 + -2 - (-16 + 14 - -8)?
-8
Evaluate 1 + (0 + 4 - 0).
5
What is (-4 - -9) + (2 - (1 + 4))?
2
Calculate -1 - -8 - 2 - 4.
1
What is the value of (0 - (-9 + 6)) + -3?
0
Calculate 2 - ((5 - 6 - -8) + 0).
-5
Calculate -4 - (-13 - 0) - 5.
4
0 + -3 + (95 - 86)
6
What is -3 + -3 + 3 - -8?
5
What is the value of -3 + 1 - (1 + 2)?
-5
What is -12 - ((3 - 19) + 6)?
-2
(0 - 0 - 0) + 1
1
Calculate 26 - (20 - 8) - 6.
8
Evaluate 7 - (-3 - -15 - (2 + -4)).
-7
What is the value of 9 + (4 - 10) + -9 + 2?
-4
What is -4 + 2 + -11 + -4 + 19?
2
Calculate 2 + 4 + -10 + (3 - -3).
2
Evaluate -2 + 9 + -2 + 0.
5
Calculate 4 - (11 - (0 - -1 - -2)).
-4
Calculate -3 + (0 - (-9 - -4)).
2
1 + -4 - (-1 + (-6 - 0))
4
Calculate -4 - (-1 + (5 - 2)) - -3.
-3
(-3 - (-2 + -5)) + (5 - 5)
4
What is the value of -1 - (-3 - -2) - (4 - 5)?
1
What is the value of -4 + ((9 - 0) + -6 - 5)?
-6
What is the value of 6 + -1 + -3 + 0 - 0?
2
What is the value of -5 + (3 - (4 + -6 - -6))?
-6
What is the value of (0 - -6) + 2 + -2 + 4?
10
(-7 - -5 - -1) + 0
-1
Evaluate -2 - (0 - -2 - (7 + -4)).
-1
Evaluate 1 + 0 - -1 - (9 + -2).
-5
Evaluate (0 - 1) + 4 + -7.
-4
What is 13 + -20 + -5 + 6 + -1?
-7
Calculate 6 + -3 - 6 - -7.
4
What is (-7 - 0 - 3) + 4?
-6
Evaluate 21 - (11 - 4) - 6.
8
What is -1 - (-2 + -1 + 1)?
1
Evaluate 14 + -2 - (19 - (4 + 7)).
4
(2 - -3 - 3) + -7
-5
1 + 2 + -4 + -1 - -1
-1
What is -21 - -16 - (0 - -1)?
-6
Evaluate -4 + 1 + 1 + 1.
-1
What is 10 + -5 + (1 - 2) + 1?
5
What is (-1 - -1) + 0 - (-630 + 625)?
5
What is 1 - (3 + -3 + 11) - -4?
-6
Evaluate (3 - 3) + -4 + 5 - 2.
-1
What is -3 - (-11 - -14 - 15)?
9
3 + -9 - (-5 - -1)
-2
What is the value of (2 - -2) + 8 + -8?
4
2 - (-6 - -3 - -2)
3
What is 6 - ((3 - -1) + (23 - 14))?
-7
What is 1 + -3 - (-7 - -3)?
2
What is the value of -5 + 17 + -16 + (3 - -1)?
0
What is -14 + 8 + -1 + 1 + 1?
-5
7 - (3 + 1) - (9 + -3)
-3
Calculate (-2 - 8) + 3 + 12.
5
Calculate 4 - (0 + 5 + -4).
3
What is the value of 0 + (3 - 9) + 4?
-2
What is the value of -6 - -2 - (9 - 10)?
-3
What is the value of 1 + -1 + -5 + 4 - 5?
-6
Calculate 37 + -30 - (-2 + 9).
0
Calculate -2 - (0 + (-4 - 1)).
3
What is the value of 9 + 0 + 5 + -3 + -6?
5
What is -13 - (-4 - (-1 + -6 + 6))?
-10
What is 5 + 0 + (-1 - 1) + -4?
-1
Calculate 8 - 15 - (-1 - 1).
-5
4 + -3 + 4 + -2 + 1
4
What is -1 - ((2 - 5) + -2 - -3)?
1
(0 - (3 + 1)) + 0 + 1
-3
What is (5 - 0 - -4) + -4?
5
What is 2 + 4 + 8 + -17?
-3
What is 1 + 1 - (16 + -10)?
-4
What is (3 - 1) + 8 + -9 - 3?
-2
Evaluate 6 + -4 + 0 + -2 + 2.
2
Calculate -9 - (-4 + 0) - -3.
-2
(4 + -12 - -12) + 1 + 2
7
What is -2 + -2 - 